{"id":14,"date":"2018-02-25T13:42:43","date_gmt":"2018-02-25T13:42:43","guid":{"rendered":"https:\/\/finderc.org\/?page_id=14"},"modified":"2023-03-13T10:02:05","modified_gmt":"2023-03-13T10:02:05","slug":"publications","status":"publish","type":"page","link":"https:\/\/finderc.org\/index.php\/publications\/","title":{"rendered":"Publications"},"content":{"rendered":"<p class=\"p1\">Below you can find some publications stemming from and involving members of FINDER project (2017-2024).<\/p>\n<div class=\"page\" title=\"Page 4\">\n<div class=\"layoutArea\">\n<div class=\"column\">\n<p><span style=\"font-weight: 400;\"><span style=\"text-decoration: underline;\"><strong>Brown, S<\/strong><\/span>., Massilani, D., Kozlikin, M.B., Shunkov, M.V., Derevianko, A.P., Stoessel, A., Jope-Street, B., Meyer, M.,\u00a0 Kelso, J., P\u00e4\u00e4bo, S., Higham T., <\/span><b>Douka, K.<\/b><span style=\"font-weight: 400;\"> 2022. The earliest Denisovans and their cultural adaptation. <\/span><i><span style=\"font-weight: 400;\">Nature Ecology and Evolution <\/span><\/i><span style=\"font-weight: 400;\">6, 28-35. <\/span><a href=\"https:\/\/doi.org\/10.1038\/s41559-021-01581-2\"><span style=\"font-weight: 400;\">link<\/span><\/a><\/p>\n<p><span style=\"font-weight: 400;\">Skov, L., Peyr\u00e9gne, S., Popli, D., Iasi, L.N., Devi\u00e8se, T., Slon, V., Zavala, E.I., Hajdinjak, M., \u2026<\/span><span style=\"text-decoration: underline;\"><b>Douka, K<\/b><\/span><span style=\"font-weight: 400;\"><span style=\"text-decoration: underline;\">.<\/span>, \u00a0 Peter, Benjamin. 2022. Genetic insights into the social organization of Neanderthals.\u00a0<\/span><i><span style=\"font-weight: 400;\">Nature<\/span><\/i><span style=\"font-weight: 400;\">,\u00a0<\/span><i><span style=\"font-weight: 400;\">610<\/span><\/i><span style=\"font-weight: 400;\">(7932), .519-525. <\/span><a href=\"https:\/\/doi.org\/10.1038\/s41586-022-05283-y\"><span style=\"font-weight: 400;\">link<\/span><\/a><\/p>\n<p><span style=\"font-weight: 400;\">Roberts, P.,\u00a0<\/span><span style=\"text-decoration: underline;\"><b>Douka, K.<\/b><\/span><span style=\"font-weight: 400;\">, Tromp, M., Bedford, S., Hawkins, S., Bouffandeau, L., Ilgner, J., Lucas, M., Marzo, S., Hamilton, R., Ambrose, W. 2022. Fossils, fish and tropical forests: prehistoric human adaptations on the island frontiers of Oceania.\u00a0<\/span><i><span style=\"font-weight: 400;\">Philosophical Transactions of the Royal Society B<\/span><\/i><span style=\"font-weight: 400;\">,\u00a0<\/span><i><span style=\"font-weight: 400;\">377<\/span><\/i><span style=\"font-weight: 400;\">(1849), 20200495. <\/span><a href=\"https:\/\/doi.org\/10.1098\/rstb.2020.0495\"><span style=\"font-weight: 400;\">link<\/span><\/a><\/p>\n<p><span style=\"font-weight: 400;\">Brown, S., <\/span><b><span style=\"text-decoration: underline;\">Douka, K<\/span>.<\/b><span style=\"font-weight: 400;\">, Collins, M. and Richter, K.K., 2021. On the standardization of ZooMS nomenclature. <\/span><i><span style=\"font-weight: 400;\">Journal of Proteomics <\/span><\/i><span style=\"font-weight: 400;\">235, 104041.\u00a0<\/span><a href=\"https:\/\/doi.org\/10.1016\/j.jprot.2020.104041\"><span style=\"font-weight: 400;\">link<\/span><\/a><\/p>\n<p><span style=\"font-weight: 400;\"><span style=\"text-decoration: underline;\"><strong>Wang, N., Brown, S<\/strong><\/span>., Ditchfield, P., Hebestreit, S., Kozilikin, M., Luu, S., Oshan, W., Grimaldi, S., Chazan, M., Horwitz Kolska, L., Spriggs, M.m Summerhayes, Gl, Shunkov, M., Korzow Richter, K., <\/span><b><span style=\"text-decoration: underline;\">Douka, K.<\/span>,<\/b><span style=\"font-weight: 400;\"> 2021. Testing the efficacy and comparability of ZooMS protocols on archaeological bone. <\/span><i><span style=\"font-weight: 400;\">Journal of Proteomics<\/span><\/i><span style=\"font-weight: 400;\"> 233, 104078. <\/span><a href=\"https:\/\/doi.org\/10.1016\/j.jprot.2020.104078\"><span style=\"font-weight: 400;\">link<\/span><\/a><\/p>\n<p><span style=\"font-weight: 400;\">Adamczak, K., Kowalski, \u0141., Urbanov\u00e1, P., <\/span><span style=\"text-decoration: underline;\"><b>Douka, K<\/b><\/span><span style=\"font-weight: 400;\"><span style=\"text-decoration: underline;\">.<\/span>, Brown, S., Kowalski, A.P., Kukawka, S., Wilczy\u0144ski, J., Szczepa\u0144ska, G. and Zawilski, P., 2021. New evidence for deer valorisation by the TRB farmers from Poland using ZooMS and micro-CT scanning.\u00a0<\/span><i><span style=\"font-weight: 400;\">Journal of Archaeological Science: Reports<\/span><\/i><span style=\"font-weight: 400;\">\u00a0<\/span><i><span style=\"font-weight: 400;\">40<\/span><\/i><span style=\"font-weight: 400;\">, 103230. <\/span><span style=\"font-weight: 400;\"><a href=\"https:\/\/doi.org\/10.1016\/j.jasrep.2021.103230\">l<\/a>ink<\/span><\/p>\n<p><span style=\"font-weight: 400;\">Belousova, N.E., Fedorchenko, A.Y., Rybin, E.P., Seletskiy, M.V., Brown, S., <\/span><span style=\"text-decoration: underline;\"><b>Douka, K<\/b><\/span><span style=\"font-weight: 400;\"><span style=\"text-decoration: underline;\">.<\/span> and Higham, T., 2020. The Early Upper Palaeolithic bone industry of the Central Altai, Russia: new evidence from the Kara-Bom site. Antiquity, 94(377). <\/span><a href=\"https:\/\/doi.org\/10.15184\/aqy.2020.137\"><span style=\"font-weight: 400;\">link<\/span><\/a><\/p>\n<p><span style=\"text-decoration: underline;\"><strong>Douka, K.<\/strong><\/span>, <strong><span style=\"text-decoration: underline;\">Brown, S<\/span><\/strong>., Higham, T., P\u00e4\u00e4bo, S., Derevianko, A., Shunkov, M. 2019. FINDER Project: Collagen fingerprinting (ZooMS) for the identification of new human fossils in Palaeolithic faunal assemblages. <em>Antiquity<\/em> 93:e1. <a href=\"https:\/\/www.cambridge.org\/core\/journals\/antiquity\/article\/finder-project-collagen-fingerprinting-zooms-for-the-identification-of-new-human-fossils\/799967C8D4D100E9D36BA6A3DB20D79C\/core-reader\" target=\"_blank\" rel=\"noopener noreferrer\">link<\/a><\/p>\n<\/div>\n<\/div>\n<\/div>\n<p>Slon, V., Mafessoni, F., Vernot, B., de Filippo, C., Grote, S., Viola, B., Hajdinjak, M., Peyr\u00e9gne, S., Nagel, S., Brown, S., <span style=\"text-decoration: underline;\"><strong>Douka, K<\/strong><\/span>., Higham, T., Kozlikin, M.B., Shunkov, M.V., Derevianko, A.P., Kelso, J., Meyer, M., Pr\u00fcfer, K. and P\u00e4\u00e4bo, S. 2018. The genome of the offspring of a Neanderthal mother and a Denisovan father.\u00a0<em>Nature\u00a0<\/em>561 (7721), 113-116. <a href=\"https:\/\/www.eva.mpg.de\/documents\/Nature\/Slon_The-genome_Nature_2018_2634311.pdf\">link<\/a><\/p>\n<p><span style=\"text-decoration: underline;\"><strong>Douka<\/strong>,<strong> K.<\/strong><\/span> and Higham, T. 2017. The Chronological Factor in Understanding the Middle and Upper Paleolithic of Eurasia. <em>Current Anthropology<\/em> 58:S17, S480-S490. <a href=\"https:\/\/www.journals.uchicago.edu\/doi\/abs\/10.1086\/694173\">link<\/a><\/p>\n<p>Bae, C.J., <span style=\"text-decoration: underline;\"><strong>Douka, K.<\/strong><\/span>, Petraglia, M.D. 2017. On the origin of modern humans: Asian Perspectives. <em>Science<\/em> 358, 1269. <a href=\"http:\/\/science.sciencemag.org\/content\/358\/6368\/eaai9067\">link<\/a><\/p>\n<p>A pilot study that led to the development of FINDER was led by Tom Higham and Sam Brown :<\/p>\n<p><strong><a href=\"https:\/\/finderc.org\/index.php\/core-team\/\">Brown, S<\/a>.,<\/strong> Higham, T., Slon, V., P\u00e4\u00e4bo, S., Meyer, M., <strong><span style=\"text-decoration: underline;\">Douka, K<\/span><\/strong>., Brock, F., Comeskey, D., Procopio, N., Shunkov, M., Derevianko, A., Buckley, M. 2016. Identification of a new hominin bone from Denisova Cave, Siberia using collagen fingerprinting and mitochondrial DNA analysis. <em>Nature<\/em> <em>Scientific Reports<\/em> 6: 23559. <a href=\"https:\/\/www.nature.com\/articles\/srep23559\">link<\/a><\/p>\n","protected":false},"excerpt":{"rendered":"<p>Below you can find some publications stemming from and involving members of FINDER project (2017-2024). Brown, S., Massilani, D., Kozlikin, M.B., Shunkov, M.V., Derevianko, A.P., Stoessel, A., Jope-Street, B., Meyer, M.,\u00a0 Kelso, J., P\u00e4\u00e4bo, S., Higham T., Douka, K. 2022. The earliest Denisovans and their cultural adaptation. Nature Ecology and Evolution 6, 28-35. link Skov, &hellip; <\/p>\n<p class=\"link-more\"><a href=\"https:\/\/finderc.org\/index.php\/publications\/\" class=\"more-link\">Continue reading<span class=\"screen-reader-text\"> &#8220;Publications&#8221;<\/span><\/a><\/p>\n","protected":false},"author":1,"featured_media":0,"parent":0,"menu_order":0,"comment_status":"closed","ping_status":"closed","template":"","meta":{"_acf_changed":false,"footnotes":""},"class_list":["post-14","page","type-page","status-publish","hentry"],"acf":[],"_links":{"self":[{"href":"https:\/\/finderc.org\/index.php\/wp-json\/wp\/v2\/pages\/14","targetHints":{"allow":["GET"]}}],"collection":[{"href":"https:\/\/finderc.org\/index.php\/wp-json\/wp\/v2\/pages"}],"about":[{"href":"https:\/\/finderc.org\/index.php\/wp-json\/wp\/v2\/types\/page"}],"author":[{"embeddable":true,"href":"https:\/\/finderc.org\/index.php\/wp-json\/wp\/v2\/users\/1"}],"replies":[{"embeddable":true,"href":"https:\/\/finderc.org\/index.php\/wp-json\/wp\/v2\/comments?post=14"}],"version-history":[{"count":19,"href":"https:\/\/finderc.org\/index.php\/wp-json\/wp\/v2\/pages\/14\/revisions"}],"predecessor-version":[{"id":871,"href":"https:\/\/finderc.org\/index.php\/wp-json\/wp\/v2\/pages\/14\/revisions\/871"}],"wp:attachment":[{"href":"https:\/\/finderc.org\/index.php\/wp-json\/wp\/v2\/media?parent=14"}],"curies":[{"name":"wp","href":"https:\/\/api.w.org\/{rel}","templated":true}]}}